r of h and 165?
15
Let r be 1596/(-152)*(-2)/3. What is the greatest common divisor of r and 17?
1
Let a be 39 + 1*(-2 - -3). Suppose -4*n - 3 = g + 2*g, -3*g = -4*n + 27. Let w be 162/30 - (-2)/g. What is the highest common factor of a and w?
5
Let g(y) = -14*y**2 + 8*y**3 - y + 2*y**3 + 16*y**2 - 1. Let c be g(2). Calculate the highest common divisor of 17 and c.
17
Let z = 14 + -28. Let t be 3/2 + (-54)/(-4). Let f = t + z. Calculate the greatest common divisor of f and 4.
1
Let z be (-2)/15 + 1 + 22510/75. What is the highest common factor of 86 and z?
43
Suppose 3*i - 7 = -1. Suppose 0 = i*h + h - 120. Suppose -18*q + 272 + 88 = 0. What is the greatest common divisor of q and h?
20
Let i(j) = 4*j**2 + 23*j + 10. Let y be i(-6). What is the highest common factor of 32 and y?
16
Let w(u) be the first derivative of 5*u**3/3 + u**2/2 - 3*u - 40. Let q be w(-2). What is the greatest common divisor of 75 and q?
15
Let x = 3343 - 3319. Let p(t) be the first derivative of 27*t**2/2 - 1. Let v be p(8). What is the highest common divisor of x and v?
24
Suppose 4*i - 5*g - 1431 - 81 = 0, 5*g = 0. What is the highest common factor of i and 270?
54
Suppose 2*x - 4*m - 30 = 166, -m = x - 101. Calculate the highest common divisor of x and 4.
4
Let y(w) = w**2 + w - 16. Let j be y(5). Let x be 0 + 2 - (j*-10)/2. Let h = 55 - 37. What is the highest common divisor of h and x?
18
Let s be 21/(-3)*24/(-7). Let w(v) = -v**3 - 2*v**2 + 12*v - 17. Let r be w(-7). What is the greatest common factor of r and s?
24
Let c be (22 - 67)/(3/(-8)). What is the greatest common divisor of 15 and c?
15
Suppose 308 = 196*m - 182*m. What is the greatest common divisor of 1243 and m?
11
Suppose -19*s + 197 = -715. What is the greatest common divisor of s and 16?
16
Let a be ((1 - -29) + -4)*(-1)/(-2). Let c(i) = -i**3 + 13*i**2 - i + 21. Let r be c(a). What is the highest common factor of r and 24?
8
Let w(k) = k**3 - 21*k**2 + 81*k - 44. Let d be w(17). What is the greatest common divisor of 236 and d?
59
Let i be (1/2)/(3/(-60)). Let r(p) = p**2 + 9*p - 4. Let k be r(i). Let z be 82/k + (-8)/12. Calculate the highest common divisor of 143 and z.
13
Suppose -27*t = -0*t - 11745. What is the highest common factor of t and 174?
87
Suppose 0 = 16*y - 11*y - 65. Let h(x) = x**3 - 11*x**2 - 14*x - 31. Let w be h(y). What is the highest common divisor of w and 5?
5
Let h = 869 + -734. Calculate the greatest common factor of h and 60.
15
Suppose -9*i + 1631 = 11. Calculate the greatest common factor of 18 and i.
18
Let u(f) = 19*f - 94. Let z be u(8). Calculate the highest common divisor of 290 and z.
58
Suppose 0*z - 267 = -z - 4*u, 3*z + 5*u - 766 = 0. What is the greatest common factor of 19 and z?
19
Suppose -11 = 6*p - 5*p - 4*s, 3*p - 9 = -2*s. Calculate the highest common divisor of 17 and p.
1
Let v be (-12)/((-48)/316) + 8. What is the greatest common factor of v and 435?
87
Let b = -2 - -11. Suppose -4*f + 2*y + 2*y = 32, -2*f = y + 25. Let w = f + 38. Calculate the greatest common factor of b and w.
9
Suppose -3*p - 4 = -5*p. Suppose -p*h + 4*n = -170, 106 = 3*h - 5*n - 151. Let o = 180 - h. What is the greatest common divisor of 13 and o?
13
Let q be 10*(-2)/(-16)*-8. Let p(v) = -v**2 - 10*v + 13. Let w be p(q). Let d = -145 - -262. What is the greatest common factor of w and d?
13
Suppose 5*x = 2*x + 33. Suppose 34 = 2*i - 0*u + 4*u, 5 = i - 2*u. What is the highest common factor of x and i?
11
Suppose 8*q - 135 = 3*q. Let p be 6/q + 122/18. What is the greatest common divisor of p and 1?
1
Suppose -5*n + 7*n = 8, -3*t - 4*n + 70 = 0. Calculate the greatest common factor of 171 and t.
9
Suppose -1170 = -16*b - 2*b. Calculate the greatest common factor of b and 20.
5
Let j be 82 - -4*2/(-4). Let t = 53 - 2. Let h = 67 - t. What is the highest common divisor of h and j?
16
Let u = 837 - 817. What is the greatest common factor of u and 640?
20
Let w = -14 - -15. Let o be -2 + w/2*-4. Let v be 8/o + 28/1. Calculate the highest common divisor of 13 and v.
13
Let a(j) = 6*j**2 - 3*j + 3. Let b(z) = -2*z**2 - 3*z + 2. Let d be b(1). Let q be a(d). Calculate the greatest common divisor of q and 6.
6
Let j be (-6)/(-27) - 493/(-9). Let c = 175 + -184. Let w be (9/(-6))/(c/66). Calculate the greatest common factor of j and w.
11
Let q = 11 - -2. Suppose -3*o = -4 - 2. Suppose -4*r - 10 - o = 0, -r - 68 = -5*v. Calculate the highest common divisor of v and q.
13
Let u(c) = -5*c - 4. Let k be u(-6). Suppose 0 = -5*v + 15*a - 11*a + 69, -2*v = -3*a - 29. What is the highest common divisor of v and k?
13
Let r be (-4)/48*-6*96. What is the highest common divisor of r and 36?
12
Suppose 0 = -3*u + 15 - 27. Let r = 2 - u. Calculate the greatest common divisor of 4 and r.
2
Suppose -2*u = -o + 44, 4*o - 213 = 3*u - 12. Suppose -6*c = -438 + o. What is the greatest common factor of c and 8?
8
Suppose 0 = k + k + 6, 4*j = -2*k + 18. Suppose 2*g + 499 = j*g - 5*f, 5*g - 634 = -4*f. What is the highest common factor of g and 21?
21
Suppose -791 = -23*c - 1452 + 914. Let l = 3 + 8. What is the highest common divisor of c and l?
11
Suppose -3*w + 24 = 3*w. Suppose -10*k + 11*k - w = 0. What is the highest common divisor of 8 and k?
4
Let z = 368 + -151. Calculate the highest common factor of 31 and z.
31
Suppose -2*r - 3*q + 20 = -q, 22 = 3*r + q. What is the highest common factor of r and 108?
6
Suppose 91 = 12*j - 101. What is the highest common divisor of 136 and j?
8
Let n = -270 + 396. Calculate the greatest common factor of 14 and n.
14
Let f(x) = x**3 + 22*x**2 - 25*x - 9. Let g be f(-23). Let o be (g - 7)*(-8)/(-5). Calculate the greatest common factor of 16 and o.
16
Suppose 2*w - 5*c + 68 = 4*w, 5*c = w - 4. Let j = -21 + w. Suppose -j*n - 9 = -27. What is the greatest common divisor of 3 and n?
3
Let a be 3/(0 + 6/40). Let c be 2/9 - (-137)/(-9). Let t be ((-48)/c + -4)*-5. What is the greatest common factor of t and a?
4
Let q be (240 - 245) + (-1 - -23). Let d = -369 - -658. What is the highest common divisor of d and q?
17
Let q be 32/(-8) + (-80)/(-2). What is the greatest common factor of q and 42?
6
Let x be (-74)/999 - (-2110)/54. What is the highest common divisor of x and 429?
39
Let d(i) = -i**3 + 2*i**2 - 4*i + 1. Let s be d(3). Let u be (48/s)/(-1 + (-17)/(-20)). Calculate the greatest common factor of 80 and u.
16
Let x be ((-240)/96)/((-3)/24). Let n be ((-5)/(-3))/((-2)/(-6)). What is the greatest common factor of x and n?
5
Suppose 493*j = 489*j + 1368. What is the highest common factor of j and 19?
19
Let d = -383 - -384. Suppose 2*o - 11 - 11 = 0. Calculate the greatest common factor of o and d.
1
Let h be 51/68*(-8)/(-3). Suppose k - 5*p - 202 = -h*p, -5*p - 25 = 0. Calculate the highest common factor of k and 17.
17
Let x(u) = -u**3 + 10*u**2 + u - 7. Let h be x(10). Suppose 3*m + 3*t = 67 + 197, -4*t + 259 = h*m. Calculate the greatest common factor of 31 and m.
31
Let i(w) = -5*w + 1. Let u be i(-1). Suppose -4*c = k - 68, u*c - c + 110 = 2*k. Suppose 57 = 3*x - 3. What is the highest common factor of k and x?
20
Let b be 5/(90/12)*15. What is the highest common divisor of 30 and b?
10
Let s(c) = -5*c - 15. Let r = -15 + -1. Let n be s(r). What is the greatest common divisor of n and 26?
13
Let s be 9/(-24) - (4 - (-450)/(-48)). Suppose -4 = -4*k - 0*k, 2*u = 4*k + 126. What is the greatest common factor of s and u?
5
Let n be (64/(-28))/(3/42*-4). What is the highest common factor of n and 8?
8
Let o be (4/8)/((-23)/(-2300)). Let y = -1 - -3. Let x be 8/4 + 16/y. Calculate the greatest common factor of o and x.
10
Let z = -5 - -51. Let n be 5/(-15)*0 + 69. Calculate the greatest common factor of n and z.
23
Suppose -r - 5 = -4, -107 = -3*w - r. Calculate the highest common divisor of 44 and w.
4
Let l be (-5 + 0)/((-3)/3). Suppose -x + 180 = -l*p, 4*p - 2*x = 3*x - 144. Let b = -26 - p. Calculate the highest common factor of 30 and b.
10
Suppose 5*t - 2 - 15 = 2*m, -t - 5 = m. Let s be m/(1 + -3) + 67. Suppose 2*g + f = 346, 2*g - f - 330 = -6*f. What is the greatest common divisor of g and s?
35
Let w = 256 - 207. Calculate the highest common divisor of 1 and w.
1
Suppose 4*k + k - 4*m = 360, 5*k - m - 375 = 0. Suppose 104 = 4*y - k. What is the grea